+ -2 + (3 - 2)
5
What is the value of -2 + (3 - (6 + -4))?
-1
What is the value of (-5 - -10) + -5 - 5?
-5
What is (3 - (9 - 6)) + 4?
4
Evaluate (1 + -5 - -1) + 7.
4
-3 - (14 - 3 - 5 - 5)
-4
What is the value of (33 - 23) + 1 + -3?
8
What is the value of (-1 - -1) + 11 + -9?
2
Evaluate 3 + (-2 - (-1 - (2 - 4))).
0
Calculate -2 - (-3 + (-3 - -5)).
-1
Calculate 2 + -2 + -1 + 2 + -3.
-2
Evaluate (6 - (-2 + (6 - -5))) + -2.
-5
What is the value of -1 + (3 - -1 - 2) + 3?
4
4 + (1 - (0 + -1 + 1))
5
-2 - (2 + -9 + -3 - 1)
9
(-18 - -7 - (-4 - 0)) + 12
5
What is 7 - -1 - (-25 + 25)?
8
What is 4 + -2 + -1 + 0 - 2?
-1
Calculate -1 + 1 - (-7 + -1 + 3).
5
What is -1 - (-2 + -1 + 4)?
-2
What is 8 + 0 + -9 - -4?
3
Evaluate (1 - 2) + (4 - (-6 + 15)).
-6
What is the value of 0 + -3 - (-1 + 3 - 6)?
1
Evaluate (247 - 238) + (1 - 1).
9
8 - 2 - (-1 - (1 + -6))
2
Evaluate (0 - 5) + 4 + 2.
1
What is the value of (1 - 5) + 2 - -5?
3
What is the value of (0 - 3) + (1 - (-6 - -1))?
3
Evaluate (22 - 5) + -8 - 2.
7
What is the value of -10 + 8 - (-3 + 3)?
-2
Evaluate -6 + (-1 - 0) - (-21 + 19).
-5
What is 4 + -3 + 0 + -3?
-2
What is -2 + 5 + (1 - 6 - -1)?
-1
3 + ((3 - 3) + 2 - 3)
2
Calculate 9 + -13 + 3 + 5.
4
What is the value of -4 - (-3 + (5 - 2)) - -1?
-3
Calculate 0 + 0 + 2 - (151 - 144).
-5
0 + 3 + -5 + 6
4
Calculate 9 + (8 - 28) - -4.
-7
What is 4 - -2 - (15 + -13)?
4
What is -5 - -7 - (2 - 1)?
1
What is -5 + 5 + -8 + (-3 - -6)?
-5
What is (-2 - -1) + (74 - 62)?
11
What is the value of -49 - -53 - (1 + -2)?
5
What is the value of -6 + (-5 - -1) + (7 - 5)?
-8
Calculate -19 - -12 - (-1 + -8 + 1).
1
Calculate 34 + -32 - (0 - -2 - 8).
8
0 + -3 + (17 - (6 + 4))
4
What is the value of -1 + 3 + -5 - (-1 + -3)?
1
What is the value of (-2 - 2) + (-3 - -12 - 4)?
1
What is 7 - 4 - (1 - 2) - 6?
-2
What is 1 + (-2 - 2) - (1 - 0)?
-4
Evaluate (-2 - -2) + (-25 - -20).
-5
Evaluate (5 - 3) + -18 + (16 - 5).
-5
What is the value of 1 + -3 - (3 - 2 - 4)?
1
What is (-1 - -1) + (13 - 20)?
-7
What is 1 + 1 + -4 + 0 + 6?
4
6 + (12 - (12 - 3))
9
What is the value of -4 + 5 + 2 - 5?
-2
Evaluate -1 + (-6 + 6 - (0 - 5)).
4
Calculate -23 + 19 - (1 + 3).
-8
(4 - (2 + 2)) + (4 - 1)
3
What is -51 + 48 - ((-1 - 0) + -4)?
2
Calculate -1 + (-11 + (-4 - -9) - -2).
-5
Calculate -2 + -7 + (10 - (-2 + 7)).
-4
-9 - (4 + -3) - (-7 - -4)
-7
Calculate (3 - 9) + 4 - (1 + -1).
-2
What is (1 - (0 + 1 + 0)) + 3?
3
-3 - ((-8 - -5) + 3)
-3
What is the value of (9 - (-1 + 4)) + (-3 - 0)?
3
What is 2 + (0 - 0 - -1)?
3
-3 - (-10 - -16) - (-1 + -1)
-7
5 - (7 - -3) - -4 - 5
-6
Evaluate 4 + (-4 - 6) - -1.
-5
2 + 1 + 2 + (31 - 42)
-6
Evaluate (1 - 1) + -5 + 5.
0
Calculate 3 + (-3 + -2 - (-6 - -3)).
1
-2 + -4 + (23 - 13)
4
Evaluate 5 + (1 - 1) + 0.
5
What is -14 - (24 - 22 - (1 - -7))?
-8
-8 + -2 - (-6 + (2 - 2))
-4
What is the value of -5 + (3 + -1 - 0)?
-3
What is -87 + 93 - (-2 + 2 + -1)?
7
Calculate -6 - -12 - (2 - -2).
2
Calculate (-8 - -1) + (85 - 82).
-4
What is the value of 5 + (-2 - -5 - 5)?
3
-3 + 9 + -2 + -7 - -1
-2
What is (5 - 0) + 1 + -2 + -8?
-4
What is the value of -16 - -19 - 9 - (-6 - 1)?
1
What is 4 + 0 - (-5 - -5 - -2)?
2
Evaluate (-9 + 12 - 4) + -5.
-6
What is the value of (-2 - -2) + (-4 + 2 - -1)?
-1
Evaluate (-3 - -2 - 2) + (-13 - -22).
6
What is the value of (0 - -6) + (2 - 10)?
-2
What is the value of 6 + 3 + -3 - (0 - 1)?
7
What is the value of -17 - -8 - -7 - (3 - 0)?
-5
Evaluate -8 + (7 - (-2 - -5)).
-4
What is 1 - (0 + (-1 - 1) + 2)?
1
(3 + -5 - -3) + -5
-4
Calculate 8 - 15 - (-3 - -1).
-5
What is the value of 1 + 1 + 0 + 3?
5
Evaluate 8 - ((4 - 0) + 3 + -4).
5
Calculate 0 - (2 - 3 - (-1 - 2)).
-2
What is 7 - 0 - ((5 - 9) + 10)?
1
Calculate -6 + 5 + (-13 - -20).
6
Evaluate (5 + 7 - 7) + -2 + 1.
4
What is the value of 12 + (-11 - (-3 - -6))?
-2
What is 4 + 3 - 1 - (-1 + 1)?
6
Evaluate -6 + (1 - 4) + 0 + 6.
-3
What is -2 + 2 + (-3 - (-8 + 6))?
-1
Calculate -29 - -24 - ((-4 - -1) + -2).
0
-7 - -2 - -2 - -1
-2
(1 - 6) + (-26 - -30)
-1
What is -4 + 3 + 1 + 3 + 1?
4
Calculate -4 + -1 - (28 + -25).
-8
What is 10 - (10 - -8) - -15?
7
Evaluate 0 - 2 - (19 - 18).
-3
What is the value of -7 + 10 + -6 + 6?
3
What is 10 + (4 - (5 + 5))?
4
Calculate 2 + 2 + -1 + -1.
2
-7 - (30 - 45 - (-7 - -2))
3
58 - 70 - (-16 + -2)
6
What is (-1 - (-4 - 1)) + -5?
-1
Calculate 9 + -11 + 0 + -1 + 4.
1
What is the value of 1 - 0 - 17 - (165 - 172)?
-9
What is the value of 6 - (12 + 3) - -13?
4
Calculate 0 + (2 - 1) + (3 - 1).
3
What is the value of -9 + 10 + 3 + (-1 - -3)?
6
2 + (4 - (4 + 7))
-5
What is the value of 3 - (3 + 2 + 2 + -4)?
0
What is 3 + -1 + 5 + 2 + -2?
7
Evaluate -8 - -4 - -4 - 4.
-4
What is 0 + (4 - -3 - 3 - 6)?
-2
Calculate 4 - (4 + 2 + 6).
-8
Calculate -5 + (13 - 5) + -1.
2
What is -10 + 6 - -6 - -4 - 3?
3
Evaluate (0 - (-5 - -5)) + -5 - 2.
-7
What is -4 - (2 - (2 + 4 - 4))?
-4
Calculate -20 + 23 + (-1 - -2) + -7.
-3
What is -8 + (-1 + -1 - -15) - 16?
-11
Calculate 0 + 3 + (2 - (11 - 2)).
-4
Calculate 5 - 3 - (1 + 2) - -5.
4
Evaluate 10 + -22 + 1 + 1.
-10
Evaluate -1 - -2 - (-3 + 2).
2
Evaluate -2 - -4 - (-1 + 8).
-5
Calculate 2 + -3 - (1 - -1).
-3
What is -8 + -2 - -9 - (-2 - -1)?
0
0 + 4 + (-8 - -2)
-2
Evaluate (-3 - -3 - -5) + -4.
1
Evaluate -5 - ((1 - -4) + -16 + 13).
-7
What is the value of (3 - 5 - (6 - 8)) + -2?
-2
What is the value of -3 + (16 - 19 - (1 + -12))?
5
What is -2 + (-2 - 1) - (-21 + 18)?
-2
7 + 0 - (-4 - (-6 - 1))
4
Calculate -3 + 6 - -1 - 6.
-2
Calculate -1 + (-1 - (0 - 0) - 2).
-4
Calculate 0 - 7 - (-2 + -2 - -2).
-5
What is (-22 - (-13 - 13)) + -14 + 1?
-9
-11 + (11 - -5) + -1 + -7
-3
What is the value of 5 + -8 + (1 - 1) - 2?
-5
Evaluate -2 - (-6 - (5 - 4)).
5
What is 3 + (-2 - -1) + -3 + 0?
-1
Calculate 2 - (5 - 1) - 2.
-4
What is the value of -1 + 8 + 13 + -17?
3
What is 12 + -16 + (6 - 0)?
2
What is the value of 0 + 1 + (-2 - (-2 - -4))?
-3
What is 7 + -12 + (-4 - -4) - 4?
-9
5 + 16 + -11 + -11
-1
Evaluate 4 - 7 - 1 - -3 - 8.
-9
3 - (7 + -11 - -3)
4
Evaluate -4 + 3 + (4 - 4).
-1
Evaluate (6 - (6 - 0)) + (-5 - 0).
-5
Calculate 15 - (6 - -3) - (5 + 0).
1
Calculate 0 + -1 + (4 - 8).
-5
Calculate -1 + -5 - 0 - (150 + -150).
-6
What is the value of 10 - (-10 + 12 - 1)?
9
0 + -9 + 18 + -11
-2
What is -11 + 13 + -5 - 0?
-3
What is the value of 7 + 0 + 5 + 1 + -8?
5
Evaluate ((10 - 4) + -1 - 14) + 3.
-6
Evaluate (-4 - (2 - 5)) + 6.
5
What is the value of 10 + (12 + 2 - 21)?
3
Calculate 5 + (-20 + 10 - -4).
-1
-10 + (3 + (-1 - -7) - 8)
-9
Evaluate (-1 - 4) + (-70 - -80).
5
(6 - 11) + 10 - (1 + -2)
6
Calculate -6 + (4 - (5 + -12 + 6)).
-1
What is the value of -1 + 0 + (-5 - (-9 + 3))?
0
Calculate 6 + 2 - (2 + 4).
2
What is the value of -1 - (13 - 18 - -5)?
-1
Evaluate -4 - ((-4 - -1) + -3 + -2).
4
What is the value of (-12 - -12) + (-2 - -1)?
-1
What is the value of -5 + -1 + 9 + 0 + -2?
1
What is -4 - 4 - (-14 - -2)?
4
What is the value of (-14 - -14) + (-4 - (-1 - -4))?
-7
What is the value of -1 + (-8 - -4) + 4 - -1?
0
What is the value of (-29 - -33) + (-3 + 1 - 1)?
1
What is (-5 - -3 - 2) + 7?
3
6 - (13 - 10) - 9
-6
Evaluate 11 + -8 + 0 - 1.
2
Calculate 3 - (7 + -8 + -1).
5
Calculate (6 - 1) + 1 - 0.
6
Evaluate 6 - (-7 + 5 + 2).
6
Calculate -7 + 11 - (14 + -3).
-7
What is -4 + (-1 - (-8 - -2)) - 5?
-4
What is the value of 5 - (8 - (6 + -2))?
1
1 + 3 + -8 + 1
-3
Calculate (-12 - -19) + (-1 - 6).
0
What is the value of -1 + 1 - (14 - 10) - 1?
-5
Evaluate (0 - -2 - -1) + 1.
4
Evaluate (4 - 8) + 10 + -2 + 0.
4
3 + -1 + (-3 - (-4 - 0))
3
Evaluate 4 + -3 + -2 + 3.
2
What is the value of 2 + 0 + -3 - (-2 + 2)?
-1
What is 7 + -5 + 2 + -4 + -1?
-1
What is the value of 3 + (0 - 2) + (0 - 1)?
0
6 + -6 + 6 + -1
5
What is the value of -1 - (3 + -8 + 7 - 0)?
-3
What is (1 - (1 + -1 - -7)) + 8?
2
Calculate -2 + 4 + -5 + 2 + -3.
-4
3 - (-14 + 4 - (-3 + -2))
8
What is the value of 2 - (3 + 0 + 5)?
-6
Calculate 1 - ((8 - 3 - 0) + -3).
-1
What is the value of 3 - (-14 + 9 - -9)?
-1
Evaluate (1 - (-4 - -1)) + -3.
1
Calculate (1 - -1) + -5 + 0.
-3
Calculate 4 + -2 + 10 + -19.
-7
-5 + 8 - 8 - -3
-2
What is the value of (-1 - 1) + -8 + 11 - 5?
-4
What is the value of -6 + (-8 - -22) + -9?
-1
What is -21 + 17 + (8 - (0 - 0))?
4
What is the value of 2 - 2 - 1 - (-39 + 44)?
-6
What is the value of -1 